{"id":16,"date":"2019-09-15T19:24:37","date_gmt":"2019-09-15T17:24:37","guid":{"rendered":"http:\/\/lucieclouard.fr\/?page_id=16"},"modified":"2021-05-30T18:22:13","modified_gmt":"2021-05-30T16:22:13","slug":"produit","status":"publish","type":"page","link":"https:\/\/lucieclouard.fr\/?page_id=16","title":{"rendered":"Produits"},"content":{"rendered":"\n<h2 class=\"has-text-align-center\" id=\"Notes-hesp\u00e9rid\u00e9es\">Notes hesp\u00e9rid\u00e9es<\/h2>\n\n\n\n&nbsp;&nbsp;&nbsp;&nbsp;\n\n\n\n<div class=\"wp-block-image\"><figure class=\"aligncenter size-large is-resized\"><img loading=\"lazy\" src=\"http:\/\/lucieclouard.fr\/wp-content\/uploads\/2021\/03\/CLOUARD_PH3_21_Parfums_01_7943-683x1024.jpg\" alt=\"\" class=\"wp-image-316\" width=\"512\" height=\"768\" srcset=\"https:\/\/lucieclouard.fr\/wp-content\/uploads\/2021\/03\/CLOUARD_PH3_21_Parfums_01_7943-683x1024.jpg 683w, https:\/\/lucieclouard.fr\/wp-content\/uploads\/2021\/03\/CLOUARD_PH3_21_Parfums_01_7943-200x300.jpg 200w, https:\/\/lucieclouard.fr\/wp-content\/uploads\/2021\/03\/CLOUARD_PH3_21_Parfums_01_7943-768x1152.jpg 768w, https:\/\/lucieclouard.fr\/wp-content\/uploads\/2021\/03\/CLOUARD_PH3_21_Parfums_01_7943-1024x1536.jpg 1024w, https:\/\/lucieclouard.fr\/wp-content\/uploads\/2021\/03\/CLOUARD_PH3_21_Parfums_01_7943-1365x2048.jpg 1365w, https:\/\/lucieclouard.fr\/wp-content\/uploads\/2021\/03\/CLOUARD_PH3_21_Parfums_01_7943-scaled.jpg 1707w\" sizes=\"(max-width: 512px) 100vw, 512px\" \/><\/figure><\/div>\n\n\n\n<div class=\"wp-block-image\"><figure class=\"aligncenter size-large is-resized\"><img loading=\"lazy\" src=\"http:\/\/lucieclouard.fr\/wp-content\/uploads\/2021\/03\/CLOUARD_PH3_21_Parfums_02_7985-1-683x1024.jpg\" alt=\"\" class=\"wp-image-317\" width=\"512\" height=\"768\" srcset=\"https:\/\/lucieclouard.fr\/wp-content\/uploads\/2021\/03\/CLOUARD_PH3_21_Parfums_02_7985-1-683x1024.jpg 683w, https:\/\/lucieclouard.fr\/wp-content\/uploads\/2021\/03\/CLOUARD_PH3_21_Parfums_02_7985-1-200x300.jpg 200w, https:\/\/lucieclouard.fr\/wp-content\/uploads\/2021\/03\/CLOUARD_PH3_21_Parfums_02_7985-1-768x1152.jpg 768w, https:\/\/lucieclouard.fr\/wp-content\/uploads\/2021\/03\/CLOUARD_PH3_21_Parfums_02_7985-1-1024x1536.jpg 1024w, https:\/\/lucieclouard.fr\/wp-content\/uploads\/2021\/03\/CLOUARD_PH3_21_Parfums_02_7985-1-1365x2048.jpg 1365w, https:\/\/lucieclouard.fr\/wp-content\/uploads\/2021\/03\/CLOUARD_PH3_21_Parfums_02_7985-1-scaled.jpg 1707w\" sizes=\"(max-width: 512px) 100vw, 512px\" \/><\/figure><\/div>\n\n\n\n<div class=\"wp-block-image\"><figure class=\"aligncenter size-large is-resized\"><img loading=\"lazy\" src=\"http:\/\/lucieclouard.fr\/wp-content\/uploads\/2021\/03\/CLOUARD_PH3_21_Parfums_03_8004-petit-683x1024.jpg\" alt=\"\" class=\"wp-image-350\" width=\"512\" height=\"768\" srcset=\"https:\/\/lucieclouard.fr\/wp-content\/uploads\/2021\/03\/CLOUARD_PH3_21_Parfums_03_8004-petit-683x1024.jpg 683w, https:\/\/lucieclouard.fr\/wp-content\/uploads\/2021\/03\/CLOUARD_PH3_21_Parfums_03_8004-petit-200x300.jpg 200w, https:\/\/lucieclouard.fr\/wp-content\/uploads\/2021\/03\/CLOUARD_PH3_21_Parfums_03_8004-petit-768x1152.jpg 768w, https:\/\/lucieclouard.fr\/wp-content\/uploads\/2021\/03\/CLOUARD_PH3_21_Parfums_03_8004-petit-1024x1536.jpg 1024w, https:\/\/lucieclouard.fr\/wp-content\/uploads\/2021\/03\/CLOUARD_PH3_21_Parfums_03_8004-petit-1365x2048.jpg 1365w, https:\/\/lucieclouard.fr\/wp-content\/uploads\/2021\/03\/CLOUARD_PH3_21_Parfums_03_8004-petit-scaled.jpg 1707w\" sizes=\"(max-width: 512px) 100vw, 512px\" \/><\/figure><\/div>\n\n\n\n<div class=\"wp-block-image\"><figure class=\"aligncenter size-large is-resized\"><img loading=\"lazy\" src=\"http:\/\/lucieclouard.fr\/wp-content\/uploads\/2021\/03\/CLOUARD_PH3_21_Parfums_04_8034-1-683x1024.jpg\" alt=\"\" class=\"wp-image-320\" width=\"512\" height=\"768\" srcset=\"https:\/\/lucieclouard.fr\/wp-content\/uploads\/2021\/03\/CLOUARD_PH3_21_Parfums_04_8034-1-683x1024.jpg 683w, https:\/\/lucieclouard.fr\/wp-content\/uploads\/2021\/03\/CLOUARD_PH3_21_Parfums_04_8034-1-200x300.jpg 200w, https:\/\/lucieclouard.fr\/wp-content\/uploads\/2021\/03\/CLOUARD_PH3_21_Parfums_04_8034-1-768x1152.jpg 768w, https:\/\/lucieclouard.fr\/wp-content\/uploads\/2021\/03\/CLOUARD_PH3_21_Parfums_04_8034-1-1024x1536.jpg 1024w, https:\/\/lucieclouard.fr\/wp-content\/uploads\/2021\/03\/CLOUARD_PH3_21_Parfums_04_8034-1-1365x2048.jpg 1365w, https:\/\/lucieclouard.fr\/wp-content\/uploads\/2021\/03\/CLOUARD_PH3_21_Parfums_04_8034-1-scaled.jpg 1707w\" sizes=\"(max-width: 512px) 100vw, 512px\" \/><\/figure><\/div>\n\n\n\n<div class=\"wp-block-image\"><figure class=\"aligncenter size-large is-resized\"><img loading=\"lazy\" src=\"http:\/\/lucieclouard.fr\/wp-content\/uploads\/2021\/03\/CLOUARD_PH3_21_Parfums_05_8055-683x1024.jpg\" alt=\"\" class=\"wp-image-322\" width=\"512\" height=\"768\" srcset=\"https:\/\/lucieclouard.fr\/wp-content\/uploads\/2021\/03\/CLOUARD_PH3_21_Parfums_05_8055-683x1024.jpg 683w, https:\/\/lucieclouard.fr\/wp-content\/uploads\/2021\/03\/CLOUARD_PH3_21_Parfums_05_8055-200x300.jpg 200w, https:\/\/lucieclouard.fr\/wp-content\/uploads\/2021\/03\/CLOUARD_PH3_21_Parfums_05_8055-768x1152.jpg 768w, https:\/\/lucieclouard.fr\/wp-content\/uploads\/2021\/03\/CLOUARD_PH3_21_Parfums_05_8055-1024x1536.jpg 1024w, https:\/\/lucieclouard.fr\/wp-content\/uploads\/2021\/03\/CLOUARD_PH3_21_Parfums_05_8055-1365x2048.jpg 1365w, https:\/\/lucieclouard.fr\/wp-content\/uploads\/2021\/03\/CLOUARD_PH3_21_Parfums_05_8055-scaled.jpg 1707w\" sizes=\"(max-width: 512px) 100vw, 512px\" \/><\/figure><\/div>\n\n\n\n&nbsp;&nbsp;&nbsp;&nbsp;\n\n\n\n<h2 class=\"has-text-align-center\" id=\"Essences\">Essences<\/h2>\n\n\n\n&nbsp;&nbsp;&nbsp;&nbsp;\n\n\n\n<div class=\"wp-block-image\"><figure class=\"aligncenter size-large is-resized\"><img loading=\"lazy\" src=\"http:\/\/lucieclouard.fr\/wp-content\/uploads\/2021\/05\/CLOUARD_PH3_21_Parfums_2_1303-site.jpg\" alt=\"\" class=\"wp-image-698\" width=\"506\" height=\"756\"\/><\/figure><\/div>\n\n\n\n<div class=\"wp-block-image\"><figure class=\"aligncenter size-large is-resized\"><img loading=\"lazy\" src=\"http:\/\/lucieclouard.fr\/wp-content\/uploads\/2021\/05\/CLOUARD_PH3_21_Parfums_2_1332-site.jpg\" alt=\"\" class=\"wp-image-699\" width=\"506\" height=\"756\"\/><\/figure><\/div>\n\n\n\n<div class=\"wp-block-image\"><figure class=\"aligncenter size-large is-resized\"><img loading=\"lazy\" src=\"http:\/\/lucieclouard.fr\/wp-content\/uploads\/2021\/05\/LC_1368-site.jpg\" alt=\"\" class=\"wp-image-700\" width=\"506\" height=\"755\"\/><\/figure><\/div>\n\n\n\n&nbsp;&nbsp;&nbsp;&nbsp;\n\n\n\n<h2 class=\"has-text-align-center\" id=\"Fragilit\u00e9\">Fragilit\u00e9<\/h2>\n\n\n\n&nbsp;&nbsp;&nbsp;&nbsp;\n\n\n\n<div class=\"wp-block-image\"><figure class=\"aligncenter size-large is-resized\"><img loading=\"lazy\" src=\"http:\/\/lucieclouard.fr\/wp-content\/uploads\/2021\/03\/CLOUARD_PH3_21_Bijoux1_01_9782_1200-683x1024.jpg\" alt=\"\" class=\"wp-image-362\" width=\"512\" height=\"768\" srcset=\"https:\/\/lucieclouard.fr\/wp-content\/uploads\/2021\/03\/CLOUARD_PH3_21_Bijoux1_01_9782_1200-683x1024.jpg 683w, https:\/\/lucieclouard.fr\/wp-content\/uploads\/2021\/03\/CLOUARD_PH3_21_Bijoux1_01_9782_1200-200x300.jpg 200w, https:\/\/lucieclouard.fr\/wp-content\/uploads\/2021\/03\/CLOUARD_PH3_21_Bijoux1_01_9782_1200-768x1152.jpg 768w, https:\/\/lucieclouard.fr\/wp-content\/uploads\/2021\/03\/CLOUARD_PH3_21_Bijoux1_01_9782_1200.jpg 800w\" sizes=\"(max-width: 512px) 100vw, 512px\" \/><\/figure><\/div>\n\n\n\n<div class=\"wp-block-image\"><figure class=\"aligncenter size-large is-resized\"><img loading=\"lazy\" src=\"http:\/\/lucieclouard.fr\/wp-content\/uploads\/2021\/03\/CLOUARD_PH3_21_Bijoux1-02_0411-683x1024.jpg\" alt=\"\" class=\"wp-image-364\" width=\"512\" height=\"768\" srcset=\"https:\/\/lucieclouard.fr\/wp-content\/uploads\/2021\/03\/CLOUARD_PH3_21_Bijoux1-02_0411-683x1024.jpg 683w, https:\/\/lucieclouard.fr\/wp-content\/uploads\/2021\/03\/CLOUARD_PH3_21_Bijoux1-02_0411-200x300.jpg 200w, https:\/\/lucieclouard.fr\/wp-content\/uploads\/2021\/03\/CLOUARD_PH3_21_Bijoux1-02_0411-768x1152.jpg 768w, https:\/\/lucieclouard.fr\/wp-content\/uploads\/2021\/03\/CLOUARD_PH3_21_Bijoux1-02_0411.jpg 800w\" sizes=\"(max-width: 512px) 100vw, 512px\" \/><\/figure><\/div>\n\n\n\n<div class=\"wp-block-image\"><figure class=\"aligncenter size-large is-resized\"><img loading=\"lazy\" src=\"http:\/\/lucieclouard.fr\/wp-content\/uploads\/2021\/03\/CLOUARD_PH3_21_Bijoux1_04_0806-683x1024.jpg\" alt=\"\" class=\"wp-image-363\" width=\"512\" height=\"768\" srcset=\"https:\/\/lucieclouard.fr\/wp-content\/uploads\/2021\/03\/CLOUARD_PH3_21_Bijoux1_04_0806-683x1024.jpg 683w, https:\/\/lucieclouard.fr\/wp-content\/uploads\/2021\/03\/CLOUARD_PH3_21_Bijoux1_04_0806-200x300.jpg 200w, https:\/\/lucieclouard.fr\/wp-content\/uploads\/2021\/03\/CLOUARD_PH3_21_Bijoux1_04_0806-768x1152.jpg 768w, https:\/\/lucieclouard.fr\/wp-content\/uploads\/2021\/03\/CLOUARD_PH3_21_Bijoux1_04_0806.jpg 800w\" sizes=\"(max-width: 512px) 100vw, 512px\" \/><\/figure><\/div>\n\n\n\n&nbsp;&nbsp;&nbsp;&nbsp;\n\n\n\n<h2 class=\"has-text-align-center\" id=\"Rouge\">Rouge<\/h2>\n\n\n\n&nbsp;&nbsp;&nbsp;&nbsp;\n\n\n\n<div class=\"wp-block-image\"><figure class=\"aligncenter size-large is-resized\"><img loading=\"lazy\" src=\"http:\/\/lucieclouard.fr\/wp-content\/uploads\/2021\/05\/CLOUARD_PH3_21_Iphone_01_3206-683px.jpg\" alt=\"\" class=\"wp-image-513\" width=\"518\" height=\"776\" srcset=\"https:\/\/lucieclouard.fr\/wp-content\/uploads\/2021\/05\/CLOUARD_PH3_21_Iphone_01_3206-683px.jpg 683w, https:\/\/lucieclouard.fr\/wp-content\/uploads\/2021\/05\/CLOUARD_PH3_21_Iphone_01_3206-683px-200x300.jpg 200w, https:\/\/lucieclouard.fr\/wp-content\/uploads\/2021\/05\/CLOUARD_PH3_21_Iphone_01_3206-683px-600x900.jpg 600w\" sizes=\"(max-width: 518px) 100vw, 518px\" \/><\/figure><\/div>\n\n\n\n<div class=\"wp-block-image\"><figure class=\"aligncenter size-large is-resized\"><img loading=\"lazy\" src=\"http:\/\/lucieclouard.fr\/wp-content\/uploads\/2021\/05\/CLOUARD_PH3_21_HistoiredOr_4656-v2-site.jpg\" alt=\"\" class=\"wp-image-686\" width=\"518\" height=\"774\"\/><\/figure><\/div>\n\n\n\n<div class=\"wp-block-image\"><figure class=\"aligncenter size-large is-resized\"><img loading=\"lazy\" src=\"http:\/\/lucieclouard.fr\/wp-content\/uploads\/2021\/05\/CLOUARD_PH3_21_RaL_02_2988-683px.jpg\" alt=\"\" class=\"wp-image-516\" width=\"518\" height=\"776\" srcset=\"https:\/\/lucieclouard.fr\/wp-content\/uploads\/2021\/05\/CLOUARD_PH3_21_RaL_02_2988-683px.jpg 683w, https:\/\/lucieclouard.fr\/wp-content\/uploads\/2021\/05\/CLOUARD_PH3_21_RaL_02_2988-683px-200x300.jpg 200w, https:\/\/lucieclouard.fr\/wp-content\/uploads\/2021\/05\/CLOUARD_PH3_21_RaL_02_2988-683px-600x900.jpg 600w\" sizes=\"(max-width: 518px) 100vw, 518px\" \/><\/figure><\/div>\n\n\n\n<div class=\"wp-block-image\"><figure class=\"aligncenter size-large is-resized\"><img loading=\"lazy\" src=\"http:\/\/lucieclouard.fr\/wp-content\/uploads\/2021\/05\/CLOUARD_PH3_21_RaL_04_3031-site-683x1024.jpg\" alt=\"\" class=\"wp-image-795\" width=\"518\" height=\"777\" srcset=\"https:\/\/lucieclouard.fr\/wp-content\/uploads\/2021\/05\/CLOUARD_PH3_21_RaL_04_3031-site-683x1024.jpg 683w, https:\/\/lucieclouard.fr\/wp-content\/uploads\/2021\/05\/CLOUARD_PH3_21_RaL_04_3031-site-200x300.jpg 200w, https:\/\/lucieclouard.fr\/wp-content\/uploads\/2021\/05\/CLOUARD_PH3_21_RaL_04_3031-site-768x1152.jpg 768w, https:\/\/lucieclouard.fr\/wp-content\/uploads\/2021\/05\/CLOUARD_PH3_21_RaL_04_3031-site-600x900.jpg 600w, https:\/\/lucieclouard.fr\/wp-content\/uploads\/2021\/05\/CLOUARD_PH3_21_RaL_04_3031-site.jpg 800w\" sizes=\"(max-width: 518px) 100vw, 518px\" \/><\/figure><\/div>\n\n\n\n<div class=\"wp-block-image\"><figure class=\"aligncenter size-large is-resized\"><img loading=\"lazy\" src=\"http:\/\/lucieclouard.fr\/wp-content\/uploads\/2021\/05\/CLOUARD_PH3_21_RaL_03_3025-site-683x1024.jpg\" alt=\"\" class=\"wp-image-794\" width=\"518\" height=\"777\" srcset=\"https:\/\/lucieclouard.fr\/wp-content\/uploads\/2021\/05\/CLOUARD_PH3_21_RaL_03_3025-site-683x1024.jpg 683w, https:\/\/lucieclouard.fr\/wp-content\/uploads\/2021\/05\/CLOUARD_PH3_21_RaL_03_3025-site-200x300.jpg 200w, https:\/\/lucieclouard.fr\/wp-content\/uploads\/2021\/05\/CLOUARD_PH3_21_RaL_03_3025-site-768x1152.jpg 768w, https:\/\/lucieclouard.fr\/wp-content\/uploads\/2021\/05\/CLOUARD_PH3_21_RaL_03_3025-site-600x900.jpg 600w, https:\/\/lucieclouard.fr\/wp-content\/uploads\/2021\/05\/CLOUARD_PH3_21_RaL_03_3025-site.jpg 800w\" sizes=\"(max-width: 518px) 100vw, 518px\" \/><\/figure><\/div>\n\n\n\n<div class=\"wp-block-image\"><figure class=\"aligncenter size-large is-resized\"><img loading=\"lazy\" src=\"http:\/\/lucieclouard.fr\/wp-content\/uploads\/2021\/05\/CLOUARD_PH3_21_RaL_05_3037-site-683x1024.jpg\" alt=\"\" class=\"wp-image-796\" width=\"518\" height=\"777\" srcset=\"https:\/\/lucieclouard.fr\/wp-content\/uploads\/2021\/05\/CLOUARD_PH3_21_RaL_05_3037-site-683x1024.jpg 683w, https:\/\/lucieclouard.fr\/wp-content\/uploads\/2021\/05\/CLOUARD_PH3_21_RaL_05_3037-site-200x300.jpg 200w, https:\/\/lucieclouard.fr\/wp-content\/uploads\/2021\/05\/CLOUARD_PH3_21_RaL_05_3037-site-768x1152.jpg 768w, https:\/\/lucieclouard.fr\/wp-content\/uploads\/2021\/05\/CLOUARD_PH3_21_RaL_05_3037-site-600x900.jpg 600w, https:\/\/lucieclouard.fr\/wp-content\/uploads\/2021\/05\/CLOUARD_PH3_21_RaL_05_3037-site.jpg 800w\" sizes=\"(max-width: 518px) 100vw, 518px\" \/><\/figure><\/div>\n\n\n\n&nbsp;&nbsp;&nbsp;&nbsp;\n\n\n\n<h2 class=\"has-text-align-center\" id=\"Temps\">Temps<\/h2>\n\n\n\n&nbsp;&nbsp;&nbsp;&nbsp;\n\n\n\n<div class=\"wp-block-image\"><figure class=\"aligncenter size-large is-resized\"><img loading=\"lazy\" src=\"http:\/\/lucieclouard.fr\/wp-content\/uploads\/2021\/05\/LC_0989-683px.jpg\" alt=\"\" class=\"wp-image-508\" width=\"519\" height=\"779\" srcset=\"https:\/\/lucieclouard.fr\/wp-content\/uploads\/2021\/05\/LC_0989-683px.jpg 683w, https:\/\/lucieclouard.fr\/wp-content\/uploads\/2021\/05\/LC_0989-683px-200x300.jpg 200w, https:\/\/lucieclouard.fr\/wp-content\/uploads\/2021\/05\/LC_0989-683px-600x900.jpg 600w\" sizes=\"(max-width: 519px) 100vw, 519px\" \/><\/figure><\/div>\n\n\n\n<div class=\"wp-block-image\"><figure class=\"aligncenter size-large is-resized\"><img loading=\"lazy\" src=\"http:\/\/lucieclouard.fr\/wp-content\/uploads\/2021\/05\/LC_0978-683px.jpg\" alt=\"\" class=\"wp-image-507\" width=\"518\" height=\"777\" srcset=\"https:\/\/lucieclouard.fr\/wp-content\/uploads\/2021\/05\/LC_0978-683px.jpg 683w, https:\/\/lucieclouard.fr\/wp-content\/uploads\/2021\/05\/LC_0978-683px-200x300.jpg 200w, https:\/\/lucieclouard.fr\/wp-content\/uploads\/2021\/05\/LC_0978-683px-600x900.jpg 600w\" sizes=\"(max-width: 518px) 100vw, 518px\" \/><\/figure><\/div>\n\n\n\n<div class=\"wp-block-image\"><figure class=\"aligncenter size-large is-resized\"><img loading=\"lazy\" src=\"http:\/\/lucieclouard.fr\/wp-content\/uploads\/2021\/05\/LC_1019-683px.jpg\" alt=\"\" class=\"wp-image-509\" width=\"518\" height=\"777\" srcset=\"https:\/\/lucieclouard.fr\/wp-content\/uploads\/2021\/05\/LC_1019-683px.jpg 683w, https:\/\/lucieclouard.fr\/wp-content\/uploads\/2021\/05\/LC_1019-683px-200x300.jpg 200w, https:\/\/lucieclouard.fr\/wp-content\/uploads\/2021\/05\/LC_1019-683px-600x900.jpg 600w\" sizes=\"(max-width: 518px) 100vw, 518px\" \/><\/figure><\/div>\n\n\n\n&nbsp;&nbsp;&nbsp;&nbsp;\n\n\n\n<h2 class=\"has-text-align-center\" id=\"Texture\">Textures<\/h2>\n\n\n\n&nbsp;&nbsp;&nbsp;&nbsp;\n\n\n\n<div class=\"wp-block-image\"><figure class=\"aligncenter size-large is-resized\"><img loading=\"lazy\" src=\"http:\/\/lucieclouard.fr\/wp-content\/uploads\/2021\/01\/CLOUARD_PH3_21_Texture_03_7596-2-1024x1024.jpg\" alt=\"\" class=\"wp-image-254\" width=\"514\" height=\"513\" srcset=\"https:\/\/lucieclouard.fr\/wp-content\/uploads\/2021\/01\/CLOUARD_PH3_21_Texture_03_7596-2-1024x1024.jpg 1024w, https:\/\/lucieclouard.fr\/wp-content\/uploads\/2021\/01\/CLOUARD_PH3_21_Texture_03_7596-2-300x300.jpg 300w, https:\/\/lucieclouard.fr\/wp-content\/uploads\/2021\/01\/CLOUARD_PH3_21_Texture_03_7596-2-150x150.jpg 150w, https:\/\/lucieclouard.fr\/wp-content\/uploads\/2021\/01\/CLOUARD_PH3_21_Texture_03_7596-2-768x768.jpg 768w, https:\/\/lucieclouard.fr\/wp-content\/uploads\/2021\/01\/CLOUARD_PH3_21_Texture_03_7596-2-1536x1536.jpg 1536w, https:\/\/lucieclouard.fr\/wp-content\/uploads\/2021\/01\/CLOUARD_PH3_21_Texture_03_7596-2-50x50.jpg 50w, https:\/\/lucieclouard.fr\/wp-content\/uploads\/2021\/01\/CLOUARD_PH3_21_Texture_03_7596-2.jpg 1851w\" sizes=\"(max-width: 514px) 100vw, 514px\" \/><\/figure><\/div>\n\n\n\n<div class=\"wp-block-image\"><figure class=\"aligncenter size-large is-resized\"><img loading=\"lazy\" src=\"http:\/\/lucieclouard.fr\/wp-content\/uploads\/2021\/01\/CLOUARD_PH3_21_Texture_01_7683-1-1024x1024.jpg\" alt=\"\" class=\"wp-image-252\" width=\"514\" height=\"513\" srcset=\"https:\/\/lucieclouard.fr\/wp-content\/uploads\/2021\/01\/CLOUARD_PH3_21_Texture_01_7683-1-1024x1024.jpg 1024w, https:\/\/lucieclouard.fr\/wp-content\/uploads\/2021\/01\/CLOUARD_PH3_21_Texture_01_7683-1-300x300.jpg 300w, https:\/\/lucieclouard.fr\/wp-content\/uploads\/2021\/01\/CLOUARD_PH3_21_Texture_01_7683-1-150x150.jpg 150w, https:\/\/lucieclouard.fr\/wp-content\/uploads\/2021\/01\/CLOUARD_PH3_21_Texture_01_7683-1-768x768.jpg 768w, https:\/\/lucieclouard.fr\/wp-content\/uploads\/2021\/01\/CLOUARD_PH3_21_Texture_01_7683-1-1536x1536.jpg 1536w, https:\/\/lucieclouard.fr\/wp-content\/uploads\/2021\/01\/CLOUARD_PH3_21_Texture_01_7683-1-2048x2048.jpg 2048w, https:\/\/lucieclouard.fr\/wp-content\/uploads\/2021\/01\/CLOUARD_PH3_21_Texture_01_7683-1-50x50.jpg 50w\" sizes=\"(max-width: 514px) 100vw, 514px\" \/><\/figure><\/div>\n\n\n\n<div class=\"wp-block-image\"><figure class=\"aligncenter size-large is-resized\"><img loading=\"lazy\" src=\"http:\/\/lucieclouard.fr\/wp-content\/uploads\/2021\/01\/CLOUARD_PH3_21_Texture_04_7583-1-1024x1024.jpg\" alt=\"\" class=\"wp-image-255\" width=\"514\" height=\"513\" srcset=\"https:\/\/lucieclouard.fr\/wp-content\/uploads\/2021\/01\/CLOUARD_PH3_21_Texture_04_7583-1-1024x1024.jpg 1024w, https:\/\/lucieclouard.fr\/wp-content\/uploads\/2021\/01\/CLOUARD_PH3_21_Texture_04_7583-1-300x300.jpg 300w, https:\/\/lucieclouard.fr\/wp-content\/uploads\/2021\/01\/CLOUARD_PH3_21_Texture_04_7583-1-150x150.jpg 150w, https:\/\/lucieclouard.fr\/wp-content\/uploads\/2021\/01\/CLOUARD_PH3_21_Texture_04_7583-1-768x768.jpg 768w, https:\/\/lucieclouard.fr\/wp-content\/uploads\/2021\/01\/CLOUARD_PH3_21_Texture_04_7583-1-1536x1536.jpg 1536w, https:\/\/lucieclouard.fr\/wp-content\/uploads\/2021\/01\/CLOUARD_PH3_21_Texture_04_7583-1-2048x2048.jpg 2048w, https:\/\/lucieclouard.fr\/wp-content\/uploads\/2021\/01\/CLOUARD_PH3_21_Texture_04_7583-1-50x50.jpg 50w\" sizes=\"(max-width: 514px) 100vw, 514px\" \/><\/figure><\/div>\n\n\n\n<div class=\"wp-block-image\"><figure class=\"aligncenter size-large is-resized\"><img loading=\"lazy\" src=\"http:\/\/lucieclouard.fr\/wp-content\/uploads\/2021\/01\/CLOUARD_PH3_21_Texture_02_7725-1-1024x1024.jpg\" alt=\"\" class=\"wp-image-253\" width=\"514\" height=\"513\" srcset=\"https:\/\/lucieclouard.fr\/wp-content\/uploads\/2021\/01\/CLOUARD_PH3_21_Texture_02_7725-1-1024x1024.jpg 1024w, https:\/\/lucieclouard.fr\/wp-content\/uploads\/2021\/01\/CLOUARD_PH3_21_Texture_02_7725-1-300x300.jpg 300w, https:\/\/lucieclouard.fr\/wp-content\/uploads\/2021\/01\/CLOUARD_PH3_21_Texture_02_7725-1-150x150.jpg 150w, https:\/\/lucieclouard.fr\/wp-content\/uploads\/2021\/01\/CLOUARD_PH3_21_Texture_02_7725-1-768x768.jpg 768w, https:\/\/lucieclouard.fr\/wp-content\/uploads\/2021\/01\/CLOUARD_PH3_21_Texture_02_7725-1-1536x1536.jpg 1536w, https:\/\/lucieclouard.fr\/wp-content\/uploads\/2021\/01\/CLOUARD_PH3_21_Texture_02_7725-1-2048x2048.jpg 2048w, https:\/\/lucieclouard.fr\/wp-content\/uploads\/2021\/01\/CLOUARD_PH3_21_Texture_02_7725-1-50x50.jpg 50w\" sizes=\"(max-width: 514px) 100vw, 514px\" \/><\/figure><\/div>\n","protected":false},"excerpt":{"rendered":"<p>Notes hesp\u00e9rid\u00e9es &nbsp;&nbsp;&nbsp;&nbsp; &nbsp;&nbsp;&nbsp;&nbsp; Essences &nbsp;&nbsp;&nbsp;&nbsp; &nbsp;&nbsp;&nbsp;&nbsp; Fragilit\u00e9 &nbsp;&nbsp;&nbsp;&nbsp; &nbsp;&nbsp;&nbsp;&nbsp; Rouge &nbsp;&nbsp;&nbsp;&nbsp; &nbsp;&nbsp;&nbsp;&nbsp; Temps &nbsp;&nbsp;&nbsp;&nbsp; &nbsp;&nbsp;&nbsp;&nbsp; Textures &nbsp;&nbsp;&nbsp;&nbsp;<\/p>\n","protected":false},"author":2,"featured_media":0,"parent":0,"menu_order":0,"comment_status":"closed","ping_status":"closed","template":"","meta":{"ngg_post_thumbnail":0},"_links":{"self":[{"href":"https:\/\/lucieclouard.fr\/index.php?rest_route=\/wp\/v2\/pages\/16"}],"collection":[{"href":"https:\/\/lucieclouard.fr\/index.php?rest_route=\/wp\/v2\/pages"}],"about":[{"href":"https:\/\/lucieclouard.fr\/index.php?rest_route=\/wp\/v2\/types\/page"}],"author":[{"embeddable":true,"href":"https:\/\/lucieclouard.fr\/index.php?rest_route=\/wp\/v2\/users\/2"}],"replies":[{"embeddable":true,"href":"https:\/\/lucieclouard.fr\/index.php?rest_route=%2Fwp%2Fv2%2Fcomments&post=16"}],"version-history":[{"count":35,"href":"https:\/\/lucieclouard.fr\/index.php?rest_route=\/wp\/v2\/pages\/16\/revisions"}],"predecessor-version":[{"id":800,"href":"https:\/\/lucieclouard.fr\/index.php?rest_route=\/wp\/v2\/pages\/16\/revisions\/800"}],"wp:attachment":[{"href":"https:\/\/lucieclouard.fr\/index.php?rest_route=%2Fwp%2Fv2%2Fmedia&parent=16"}],"curies":[{"name":"wp","href":"https:\/\/api.w.org\/{rel}","templated":true}]}}